emainder when 54 is divided by 27?
0
Calculate the remainder when 2446 is divided by 24.
22
Calculate the remainder when 2575 is divided by 8.
7
What is the remainder when 85 is divided by 55?
30
What is the remainder when 41 is divided by 24?
17
What is the remainder when 1373 is divided by 153?
149
What is the remainder when 6238 is divided by 65?
63
What is the remainder when 29 is divided by 11?
7
What is the remainder when 535 is divided by 509?
26
What is the remainder when 87 is divided by 31?
25
What is the remainder when 1018 is divided by 10?
8
Calculate the remainder when 3737 is divided by 289.
269
Calculate the remainder when 7890 is divided by 141.
135
What is the remainder when 541 is divided by 270?
1
Calculate the remainder when 90 is divided by 14.
6
What is the remainder when 251 is divided by 56?
27
What is the remainder when 16924 is divided by 8458?
8
What is the remainder when 153 is divided by 41?
30
What is the remainder when 110 is divided by 109?
1
What is the remainder when 515 is divided by 171?
2
What is the remainder when 3053 is divided by 47?
45
Calculate the remainder when 38753 is divided by 337.
335
What is the remainder when 427 is divided by 27?
22
What is the remainder when 292 is divided by 19?
7
What is the remainder when 10 is divided by 4?
2
Calculate the remainder when 3508 is divided by 121.
120
What is the remainder when 336 is divided by 17?
13
What is the remainder when 127 is divided by 64?
63
What is the remainder when 95641 is divided by 97?
96
Calculate the remainder when 229 is divided by 39.
34
What is the remainder when 340 is divided by 93?
61
What is the remainder when 301 is divided by 122?
57
Calculate the remainder when 55 is divided by 4.
3
Calculate the remainder when 296 is divided by 33.
32
What is the remainder when 155 is divided by 79?
76
What is the remainder when 14867 is divided by 12?
11
Calculate the remainder when 193 is divided by 14.
11
What is the remainder when 42 is divided by 5?
2
Calculate the remainder when 4711 is divided by 89.
83
Calculate the remainder when 1885 is divided by 30.
25
Calculate the remainder when 140 is divided by 22.
8
What is the remainder when 1906 is divided by 39?
34
Calculate the remainder when 6312 is divided by 82.
80
Calculate the remainder when 216 is divided by 25.
16
Calculate the remainder when 106 is divided by 55.
51
What is the remainder when 122 is divided by 23?
7
What is the remainder when 6672 is divided by 15?
12
Calculate the remainder when 219 is divided by 9.
3
Calculate the remainder when 50997 is divided by 150.
147
What is the remainder when 11244 is divided by 148?
144
What is the remainder when 84 is divided by 14?
0
What is the remainder when 149 is divided by 38?
35
Calculate the remainder when 1220 is divided by 106.
54
Calculate the remainder when 145 is divided by 95.
50
Calculate the remainder when 2551 is divided by 88.
87
Calculate the remainder when 368 is divided by 53.
50
Calculate the remainder when 753 is divided by 26.
25
Calculate the remainder when 1606 is divided by 122.
20
What is the remainder when 137 is divided by 38?
23
What is the remainder when 65 is divided by 29?
7
What is the remainder when 651 is divided by 325?
1
What is the remainder when 150 is divided by 128?
22
What is the remainder when 166 is divided by 50?
16
Calculate the remainder when 551 is divided by 4.
3
What is the remainder when 912 is divided by 103?
88
What is the remainder when 354 is divided by 61?
49
Calculate the remainder when 29 is divided by 26.
3
Calculate the remainder when 1019 is divided by 313.
80
What is the remainder when 1170 is divided by 236?
226
What is the remainder when 766 is divided by 94?
14
What is the remainder when 221 is divided by 67?
20
What is the remainder when 17805 is divided by 106?
103
Calculate the remainder when 23 is divided by 12.
11
Calculate the remainder when 52 is divided by 15.
7
What is the remainder when 7197 is divided by 24?
21
What is the remainder when 133 is divided by 62?
9
Calculate the remainder when 119 is divided by 60.
59
What is the remainder when 1362 is divided by 22?
20
Calculate the remainder when 503 is divided by 11.
8
Calculate the remainder when 1408 is divided by 332.
80
Calculate the remainder when 2704 is divided by 180.
4
What is the remainder when 39 is divided by 1?
0
What is the remainder when 9182 is divided by 112?
110
Calculate the remainder when 449 is divided by 30.
29
What is the remainder when 49 is divided by 16?
1
What is the remainder when 9486 is divided by 179?
178
Calculate the remainder when 467 is divided by 22.
5
What is the remainder when 1091 is divided by 106?
31
Calculate the remainder when 613 is divided by 56.
53
What is the remainder when 289 is divided by 35?
9
What is the remainder when 78 is divided by 22?
12
What is the remainder when 1781 is divided by 54?
53
What is the remainder when 2072 is divided by 28?
0
Calculate the remainder when 1106 is divided by 27.
26
What is the remainder when 920 is divided by 42?
38
Calculate the remainder when 389 is divided by 88.
37
What is the remainder when 9972 is divided by 116?
112
What is the remainder when 105 is divided by 59?
46
What is the remainder when 811 is divided by 194?
35
Calculate the remainder when 4223 is divided by 12.
11
What is the remainder when 316 is divided by 22?
8
What is the remainder when 209 is divided by 153?
56
What is the remainder when 198 is divided by 182?
16
Calculate the remainder when 716 is divided by 40.
36
What is the remainder when 127 is divided by 7?
1
What is the remainder when 173 is divided by 59?
55
Calculate the remainder when 158 is divided by 23.
20
What is the remainder when 595 is divided by 28?
7
Calculate the remainder when 23 is divided by 6.
5
What is the remainder when 1124 is divided by 27?
17
Calculate the remainder when 850 is divided by 177.
142
What is the remainder when 552 is divided by 548?
4
What is the remainder when 574 is divided by 170?
64
What is the remainder when 188 is divided by 28?
20
Calculate the remainder when 573 is divided by 12.
9
Calculate the remainder when 77274 is divided by 281.
280
What is the remainder when 258 is divided by 35?
13
Calculate the remainder when 3123 is divided by 313.
306
What is the remainder when 141 is divided by 9?
6
What is the remainder when 608 is divided by 200?
8
What is the remainder when 259 is divided by 12?
7
What is the remainder when 506 is divided by 89?
61
Calculate the remainder when 428 is divided by 62.
56
What is the remainder when 109 is divided by 53?
3
Calculate the remainder when 478 is divided by 21.
16
What is the remainder when 575 is divided by 48?
47
Calculate the remainder when 1876 is divided by 375.
1
Calculate the remainder when 521 is divided by 29.
28
What is the remainder when 241 is divided by 42?
31
Calculate the remainder when 527 is divided by 133.
128
Calculate the remainder when 116 is divided by 110.
6
What is the remainder when 620 is divided by 9?
8
Calculate the remainder when 1029 is divided by 86.
83
What is the remainder when 743 is divided by 24?
23
What is the remainder when 1388 is divided by 58?
54
Calculate the remainder when 2015 is divided by 119.
111
Calculate the remainder when 1416 is divided by 62.
52
What is the remainder when 223 is divided by 16?
15
Calculate the remainder when 485 is divided by 130.
95
What is the remainder when 275 is divided by 141?
134
Calculate the remainder when 67 is divided by 27.
13
What is the remainder when 662 is divided by 51?
50
Calculate the remainder when 328 is divided by 47.
46
What is the remainder when 87 is divided by 16?
7
What is the remainder when 525 is divided by 58?
3
What is the remainder when 71 is divided by 18?
17
What is the remainder when 40 is divided by 31?
9
What is the remainder when 598 is divided by 10?
8
Calculate the remainder when 98 is divided by 13.
7
Calculate the remainder when 266 is divided by 14.
0
What is the remainder when 96 is divided by 28?
12
What is the remainder when 130 is divided by 27?
22
What is the remainder when 355 is divided by 21?
19
Calculate the remainder when 2024 is divided by 1005.
14
What is the remainder when 739 is divided